{"id":132,"date":"2026-01-26T17:13:20","date_gmt":"2026-01-26T17:13:20","guid":{"rendered":"https:\/\/lak.im-nomade.com\/?page_id=132"},"modified":"2026-02-24T11:31:09","modified_gmt":"2026-02-24T11:31:09","slug":"calendrier-scolaire","status":"publish","type":"page","link":"https:\/\/lak.edu.lb\/en\/services-aux-familles\/calendrier-scolaire\/","title":{"rendered":"School calendar"},"content":{"rendered":"<div data-elementor-type=\"wp-page\" data-elementor-id=\"132\" class=\"elementor elementor-132\" data-elementor-post-type=\"page\">\n\t\t\t\t<div class=\"elementor-element elementor-element-acf14a4 e-flex e-con-boxed e-con e-parent\" data-id=\"acf14a4\" data-element_type=\"container\" data-e-type=\"container\">\n\t\t\t\t\t<div class=\"e-con-inner\">\n\t\t\t\t<div class=\"elementor-element elementor-element-721213f elementor-widget elementor-widget-heading\" data-id=\"721213f\" data-element_type=\"widget\" data-e-type=\"widget\" data-widget_type=\"heading.default\">\n\t\t\t\t\t<h2 class=\"elementor-heading-title elementor-size-default\">Les dates de la rentr\u00e9e\n\n\n\n<\/h2>\t\t\t\t<\/div>\n\t\t\t\t<div class=\"elementor-element elementor-element-ea84fd6 elementor-widget elementor-widget-text-editor\" data-id=\"ea84fd6\" data-element_type=\"widget\" data-e-type=\"widget\" data-widget_type=\"text-editor.default\">\n\t\t\t\t\t\t\t\t\t<p>Le Lyc\u00e9e Abdel Kader accueille ses \u00e9quipes et ses \u00e9l\u00e8ves \u00e0 la mi-septembre pour lancer cette nouvelle ann\u00e9e scolaire:<\/p><ul><li aria-level=\"1\"><b>Pr\u00e9-rentr\u00e9e des enseignants :<\/b> jeudi 11 et vendredi 12 septembre 2025.<br \/><b><\/b><\/li><li aria-level=\"1\"><b>Rentr\u00e9e des \u00e9l\u00e8ves : lundi 15 septembre 2025.<\/b><\/li><\/ul>\t\t\t\t\t\t\t\t<\/div>\n\t\t\t\t<div class=\"elementor-element elementor-element-65c5f4c elementor-widget elementor-widget-button\" data-id=\"65c5f4c\" data-element_type=\"widget\" data-e-type=\"widget\" data-widget_type=\"button.default\">\n\t\t\t\t\t\t\t\t\t\t<a class=\"elementor-button elementor-button-link elementor-size-sm\" href=\"https:\/\/lak.edu.lb\/wp-content\/uploads\/2026\/02\/Calendrier-scolaire-2025-2026-3.pdf\">\n\t\t\t\t\t\t<span class=\"elementor-button-content-wrapper\">\n\t\t\t\t\t\t<span class=\"elementor-button-icon\">\n\t\t\t\t<svg aria-hidden=\"true\" class=\"e-font-icon-svg e-far-file-pdf\" viewbox=\"0 0 384 512\" xmlns=\"http:\/\/www.w3.org\/2000\/svg\"><path d=\"M369.9 97.9L286 14C277 5 264.8-.1 252.1-.1H48C21.5 0 0 21.5 0 48v416c0 26.5 21.5 48 48 48h288c26.5 0 48-21.5 48-48V131.9c0-12.7-5.1-25-14.1-34zM332.1 128H256V51.9l76.1 76.1zM48 464V48h160v104c0 13.3 10.7 24 24 24h104v288H48zm250.2-143.7c-12.2-12-47-8.7-64.4-6.5-17.2-10.5-28.7-25-36.8-46.3 3.9-16.1 10.1-40.6 5.4-56-4.2-26.2-37.8-23.6-42.6-5.9-4.4 16.1-.4 38.5 7 67.1-10 23.9-24.9 56-35.4 74.4-20 10.3-47 26.2-51 46.2-3.3 15.8 26 55.2 76.1-31.2 22.4-7.4 46.8-16.5 68.4-20.1 18.9 10.2 41 17 55.8 17 25.5 0 28-28.2 17.5-38.7zm-198.1 77.8c5.1-13.7 24.5-29.5 30.4-35-19 30.3-30.4 35.7-30.4 35zm81.6-190.6c7.4 0 6.7 32.1 1.8 40.8-4.4-13.9-4.3-40.8-1.8-40.8zm-24.4 136.6c9.7-16.9 18-37 24.7-54.7 8.3 15.1 18.9 27.2 30.1 35.5-20.8 4.3-38.9 13.1-54.8 19.2zm131.6-5s-5 6-37.3-7.8c35.1-2.6 40.9 5.4 37.3 7.8z\"><\/path><\/svg>\t\t\t<\/span>\n\t\t\t\t\t\t\t\t\t<span class=\"elementor-button-text\">T\u00e9l\u00e9charger le calendrier<\/span>\n\t\t\t\t\t<\/span>\n\t\t\t\t\t<\/a>\n\t\t\t\t\t\t\t\t<\/div>\n\t\t\t\t<div class=\"elementor-element elementor-element-948afba elementor-widget elementor-widget-heading\" data-id=\"948afba\" data-element_type=\"widget\" data-e-type=\"widget\" data-widget_type=\"heading.default\">\n\t\t\t\t\t<h2 class=\"elementor-heading-title elementor-size-default\">Vacances et jours f\u00e9ri\u00e9s\n\n\n\n\n<\/h2>\t\t\t\t<\/div>\n\t\t\t\t<div class=\"elementor-element elementor-element-f0f75fd elementor-widget elementor-widget-text-editor\" data-id=\"f0f75fd\" data-element_type=\"widget\" data-e-type=\"widget\" data-widget_type=\"text-editor.default\">\n\t\t\t\t\t\t\t\t\t<p>Nous veillons \u00e0 l&rsquo;\u00e9quilibre de nos \u00e9l\u00e8ves en respectant les p\u00e9riodes de repos et les c\u00e9l\u00e9brations nationales:<\/p><ul><li aria-level=\"1\"><b>Automne (Toussaint) :<\/b> du 24 octobre apr\u00e8s les cours au 2 novembre 2025 inclus.<\/li><li aria-level=\"1\"><b>F\u00eates de fin d&rsquo;ann\u00e9e :<\/b> du 19 d\u00e9cembre 2025 au 6 janvier 2026 inclus.<\/li><li aria-level=\"1\"><b>Hiver :<\/b> du 13 au 22 f\u00e9vrier 2026 inclus.<\/li><li aria-level=\"1\"><b>Printemps (P\u00e2ques) :<\/b> du 3 avril au 19 avril 2026 inclus.<\/li><\/ul><p><b>Jours de comm\u00e9moration :<\/b> Ind\u00e9pendance (22 novembre), Saint Maron (9 f\u00e9vrier), F\u00eate des professeurs (9 mars) et Annonciation (25 mars).<\/p>\t\t\t\t\t\t\t\t<\/div>\n\t\t\t\t<div class=\"elementor-element elementor-element-ca813fe elementor-widget elementor-widget-heading\" data-id=\"ca813fe\" data-element_type=\"widget\" data-e-type=\"widget\" data-widget_type=\"heading.default\">\n\t\t\t\t\t<h2 class=\"elementor-heading-title elementor-size-default\">Fin de l'ann\u00e9e scolaire\n\n\n\n\n\n<\/h2>\t\t\t\t<\/div>\n\t\t\t\t<div class=\"elementor-element elementor-element-ab60e56 elementor-widget elementor-widget-text-editor\" data-id=\"ab60e56\" data-element_type=\"widget\" data-e-type=\"widget\" data-widget_type=\"text-editor.default\">\n\t\t\t\t\t\t\t\t\t<p>L&rsquo;ann\u00e9e acad\u00e9mique se cl\u00f4ture officiellement le <b>mardi 30 juin 2026<\/b>. Veuillez noter que des dates pour les f\u00eates religieuses peuvent \u00eatre ajout\u00e9es en cours d&rsquo;ann\u00e9e.<\/p>\t\t\t\t\t\t\t\t<\/div>\n\t\t\t\t\t<\/div>\n\t\t\t\t<\/div>\n\t\t\t\t<\/div>","protected":false},"excerpt":{"rendered":"<p>Les dates de la rentr\u00e9e Le Lyc\u00e9e Abdel Kader accueille ses \u00e9quipes et ses \u00e9l\u00e8ves \u00e0 la mi-septembre pour lancer cette nouvelle ann\u00e9e scolaire: Pr\u00e9-rentr\u00e9e des enseignants : jeudi 11 et vendredi 12 septembre 2025. Rentr\u00e9e des \u00e9l\u00e8ves : lundi 15 septembre 2025. T\u00e9l\u00e9charger le calendrier Vacances et jours f\u00e9ri\u00e9s Nous veillons \u00e0 l&rsquo;\u00e9quilibre de [&hellip;]<\/p>\n","protected":false},"author":1,"featured_media":0,"parent":126,"menu_order":0,"comment_status":"closed","ping_status":"closed","template":"","meta":{"_acf_changed":false,"footnotes":""},"class_list":["post-132","page","type-page","status-publish","hentry"],"acf":[],"_links":{"self":[{"href":"https:\/\/lak.edu.lb\/en\/wp-json\/wp\/v2\/pages\/132","targetHints":{"allow":["GET"]}}],"collection":[{"href":"https:\/\/lak.edu.lb\/en\/wp-json\/wp\/v2\/pages"}],"about":[{"href":"https:\/\/lak.edu.lb\/en\/wp-json\/wp\/v2\/types\/page"}],"author":[{"embeddable":true,"href":"https:\/\/lak.edu.lb\/en\/wp-json\/wp\/v2\/users\/1"}],"replies":[{"embeddable":true,"href":"https:\/\/lak.edu.lb\/en\/wp-json\/wp\/v2\/comments?post=132"}],"version-history":[{"count":11,"href":"https:\/\/lak.edu.lb\/en\/wp-json\/wp\/v2\/pages\/132\/revisions"}],"predecessor-version":[{"id":668,"href":"https:\/\/lak.edu.lb\/en\/wp-json\/wp\/v2\/pages\/132\/revisions\/668"}],"up":[{"embeddable":true,"href":"https:\/\/lak.edu.lb\/en\/wp-json\/wp\/v2\/pages\/126"}],"wp:attachment":[{"href":"https:\/\/lak.edu.lb\/en\/wp-json\/wp\/v2\/media?parent=132"}],"curies":[{"name":"wp","href":"https:\/\/api.w.org\/{rel}","templated":true}]}}

<div data-elementor-type="wp-page" data-elementor-id="132" class="elementor elementor-132" data-elementor-post-type="page">
				<div class="elementor-element elementor-element-acf14a4 e-flex e-con-boxed e-con e-parent" data-id="acf14a4" data-element_type="container" data-e-type="container">
					<div class="e-con-inner">
				<div class="elementor-element elementor-element-721213f elementor-widget elementor-widget-heading" data-id="721213f" data-element_type="widget" data-e-type="widget" data-widget_type="heading.default">
					<h2 class="elementor-heading-title elementor-size-default">Les dates de la rentrée



</h2>				</div>
				<div class="elementor-element elementor-element-ea84fd6 elementor-widget elementor-widget-text-editor" data-id="ea84fd6" data-element_type="widget" data-e-type="widget" data-widget_type="text-editor.default">
									<p>Le Lycée Abdel Kader accueille ses équipes et ses élèves à la mi-septembre pour lancer cette nouvelle année scolaire:</p><ul><li aria-level="1"><b>Pré-rentrée des enseignants :</b> jeudi 11 et vendredi 12 septembre 2025.<br /><b></b></li><li aria-level="1"><b>Rentrée des élèves : lundi 15 septembre 2025.</b></li></ul>								</div>
				<div class="elementor-element elementor-element-65c5f4c elementor-widget elementor-widget-button" data-id="65c5f4c" data-element_type="widget" data-e-type="widget" data-widget_type="button.default">
										<a class="elementor-button elementor-button-link elementor-size-sm" href="https://lak.edu.lb/wp-content/uploads/2026/02/Calendrier-scolaire-2025-2026-3.pdf">
						<span class="elementor-button-content-wrapper">
						<span class="elementor-button-icon">
				<svg aria-hidden="true" class="e-font-icon-svg e-far-file-pdf" viewbox="0 0 384 512" xmlns="http://www.w3.org/2000/svg"><path d="M369.9 97.9L286 14C277 5 264.8-.1 252.1-.1H48C21.5 0 0 21.5 0 48v416c0 26.5 21.5 48 48 48h288c26.5 0 48-21.5 48-48V131.9c0-12.7-5.1-25-14.1-34zM332.1 128H256V51.9l76.1 76.1zM48 464V48h160v104c0 13.3 10.7 24 24 24h104v288H48zm250.2-143.7c-12.2-12-47-8.7-64.4-6.5-17.2-10.5-28.7-25-36.8-46.3 3.9-16.1 10.1-40.6 5.4-56-4.2-26.2-37.8-23.6-42.6-5.9-4.4 16.1-.4 38.5 7 67.1-10 23.9-24.9 56-35.4 74.4-20 10.3-47 26.2-51 46.2-3.3 15.8 26 55.2 76.1-31.2 22.4-7.4 46.8-16.5 68.4-20.1 18.9 10.2 41 17 55.8 17 25.5 0 28-28.2 17.5-38.7zm-198.1 77.8c5.1-13.7 24.5-29.5 30.4-35-19 30.3-30.4 35.7-30.4 35zm81.6-190.6c7.4 0 6.7 32.1 1.8 40.8-4.4-13.9-4.3-40.8-1.8-40.8zm-24.4 136.6c9.7-16.9 18-37 24.7-54.7 8.3 15.1 18.9 27.2 30.1 35.5-20.8 4.3-38.9 13.1-54.8 19.2zm131.6-5s-5 6-37.3-7.8c35.1-2.6 40.9 5.4 37.3 7.8z"></path></svg>			</span>
									<span class="elementor-button-text">Télécharger le calendrier</span>
					</span>
					</a>
								</div>
				<div class="elementor-element elementor-element-948afba elementor-widget elementor-widget-heading" data-id="948afba" data-element_type="widget" data-e-type="widget" data-widget_type="heading.default">
					<h2 class="elementor-heading-title elementor-size-default">Vacances et jours fériés




</h2>				</div>
				<div class="elementor-element elementor-element-f0f75fd elementor-widget elementor-widget-text-editor" data-id="f0f75fd" data-element_type="widget" data-e-type="widget" data-widget_type="text-editor.default">
									<p>Nous veillons à l&rsquo;équilibre de nos élèves en respectant les périodes de repos et les célébrations nationales:</p><ul><li aria-level="1"><b>Automne (Toussaint) :</b> du 24 octobre après les cours au 2 novembre 2025 inclus.</li><li aria-level="1"><b>Fêtes de fin d&rsquo;année :</b> du 19 décembre 2025 au 6 janvier 2026 inclus.</li><li aria-level="1"><b>Hiver :</b> du 13 au 22 février 2026 inclus.</li><li aria-level="1"><b>Printemps (Pâques) :</b> du 3 avril au 19 avril 2026 inclus.</li></ul><p><b>Jours de commémoration :</b> Indépendance (22 novembre), Saint Maron (9 février), Fête des professeurs (9 mars) et Annonciation (25 mars).</p>								</div>
				<div class="elementor-element elementor-element-ca813fe elementor-widget elementor-widget-heading" data-id="ca813fe" data-element_type="widget" data-e-type="widget" data-widget_type="heading.default">
					<h2 class="elementor-heading-title elementor-size-default">Fin de l'année scolaire





</h2>				</div>
				<div class="elementor-element elementor-element-ab60e56 elementor-widget elementor-widget-text-editor" data-id="ab60e56" data-element_type="widget" data-e-type="widget" data-widget_type="text-editor.default">
									<p>L&rsquo;année académique se clôture officiellement le <b>mardi 30 juin 2026</b>. Veuillez noter que des dates pour les fêtes religieuses peuvent être ajoutées en cours d&rsquo;année.</p>								</div>
					</div>
				</div>
				</div>

<p>Les dates de la rentrée Le Lycée Abdel Kader accueille ses équipes et ses élèves à la mi-septembre pour lancer cette nouvelle année scolaire: Pré-rentrée des enseignants : jeudi 11 et vendredi 12 septembre 2025. Rentrée des élèves : lundi 15 septembre 2025. Télécharger le calendrier Vacances et jours fériés Nous veillons à l&rsquo;équilibre de [&hellip;]</p>
