{"id":89,"date":"2026-01-26T17:06:33","date_gmt":"2026-01-26T17:06:33","guid":{"rendered":"https:\/\/lak.im-nomade.com\/?page_id=89"},"modified":"2026-02-24T09:28:34","modified_gmt":"2026-02-24T09:28:34","slug":"le-mot-du-proviseur","status":"publish","type":"page","link":"https:\/\/lak.edu.lb\/en\/letablissement\/le-mot-du-proviseur\/","title":{"rendered":"A word from the headmaster"},"content":{"rendered":"<div data-elementor-type=\"wp-page\" data-elementor-id=\"89\" class=\"elementor elementor-89\" data-elementor-post-type=\"page\">\n\t\t\t\t<div class=\"elementor-element elementor-element-6feb937 e-flex e-con-boxed e-con e-parent\" data-id=\"6feb937\" data-element_type=\"container\" data-e-type=\"container\">\n\t\t\t\t\t<div class=\"e-con-inner\">\n\t\t<div class=\"elementor-element elementor-element-e37f976 e-con-full e-flex e-con e-child\" data-id=\"e37f976\" data-element_type=\"container\" data-e-type=\"container\">\n\t\t\t\t<div class=\"elementor-element elementor-element-fc71d59 elementor-widget__width-initial elementor-widget elementor-widget-image\" data-id=\"fc71d59\" data-element_type=\"widget\" data-e-type=\"widget\" data-widget_type=\"image.default\">\n\t\t\t\t\t\t\t\t\t\t\t\t\t\t\t<img fetchpriority=\"high\" decoding=\"async\" width=\"376\" height=\"238\" src=\"https:\/\/lak.edu.lb\/wp-content\/uploads\/2025\/12\/unnamed-2-e1771853987508.png\" class=\"attachment-large size-large wp-image-10\" alt=\"\" srcset=\"https:\/\/lak.edu.lb\/wp-content\/uploads\/2025\/12\/unnamed-2-e1771853987508.png 376w, https:\/\/lak.edu.lb\/wp-content\/uploads\/2025\/12\/unnamed-2-e1771853987508-300x190.png 300w, https:\/\/lak.edu.lb\/wp-content\/uploads\/2025\/12\/unnamed-2-e1771853987508-18x12.png 18w\" sizes=\"(max-width: 376px) 100vw, 376px\" \/>\t\t\t\t\t\t\t\t\t\t\t\t\t\t\t<\/div>\n\t\t\t\t<div class=\"elementor-element elementor-element-b24d349 elementor-widget elementor-widget-heading\" data-id=\"b24d349\" data-element_type=\"widget\" data-e-type=\"widget\" data-widget_type=\"heading.default\">\n\t\t\t\t\t<h2 class=\"elementor-heading-title elementor-size-default\">Bienvenue au Lyc\u00e9e Abdel Kader (LAK)\n\n<\/h2>\t\t\t\t<\/div>\n\t\t\t\t<\/div>\n\t\t\t\t<div class=\"elementor-element elementor-element-216693a elementor-widget elementor-widget-text-editor\" data-id=\"216693a\" data-element_type=\"widget\" data-e-type=\"widget\" data-widget_type=\"text-editor.default\">\n\t\t\t\t\t\t\t\t\t<p>Depuis plus d&rsquo;un si\u00e8cle, notre \u00e9tablissement incarne l&rsquo;excellence \u00e9ducative au c\u0153ur de Beyrouth. Fruit d&rsquo;un partenariat historique entre<b> la MLF<\/b>(Mission La\u00eeque Fran\u00e7aise), l&rsquo;<b>AEFE<\/b> (Agence pour l\u2019Enseignement du Fran\u00e7ais \u00e0 l\u2019Etranger) et la <b>Fondation Rafic Hariri<\/b>, le LAK est bien plus qu&rsquo;une \u00e9cole : c&rsquo;est un carrefour vivant o\u00f9 se rencontrent le meilleur du syst\u00e8me \u00e9ducatif fran\u00e7ais et des attentes de la soci\u00e9t\u00e9 libanaise.<\/p>\t\t\t\t\t\t\t\t<\/div>\n\t\t\t\t\t<\/div>\n\t\t\t\t<\/div>\n\t\t<div class=\"elementor-element elementor-element-4b0e2d8 e-flex e-con-boxed e-con e-parent\" data-id=\"4b0e2d8\" data-element_type=\"container\" data-e-type=\"container\">\n\t\t\t\t\t<div class=\"e-con-inner\">\n\t\t\t\t<div class=\"elementor-element elementor-element-9a69953 elementor-widget elementor-widget-heading\" data-id=\"9a69953\" data-element_type=\"widget\" data-e-type=\"widget\" data-widget_type=\"heading.default\">\n\t\t\t\t\t<h2 class=\"elementor-heading-title elementor-size-default\">Une Ouverture sur le Monde\n\n\n\n<\/h2>\t\t\t\t<\/div>\n\t\t\t\t<div class=\"elementor-element elementor-element-97f35d3 elementor-widget elementor-widget-text-editor\" data-id=\"97f35d3\" data-element_type=\"widget\" data-e-type=\"widget\" data-widget_type=\"text-editor.default\">\n\t\t\t\t\t\t\t\t\t<p>Nous formons des citoyens \u00e9clair\u00e9s et trilingues, pr\u00eats \u00e0 r\u00e9ussir leurs \u00e9tudes sup\u00e9rieures au Liban, en France et \u00e0 l&rsquo;international. Notre parcours d&rsquo;excellence repose sur :<\/p><ul><li aria-level=\"1\"><b>Le Fran\u00e7ais :<\/b> Langue de scolarisation, de culture et de r\u00e9flexion.<\/li><li aria-level=\"1\"><b>L&rsquo;Arabe :<\/b> Langue d&rsquo;identit\u00e9 et d&rsquo;exigence acad\u00e9mique.<\/li><li><b>L&rsquo;Anglais :<\/b> Un niveau renforc\u00e9 certifi\u00e9 (Cambridge) pour une mobilit\u00e9 internationale.<\/li><\/ul>\t\t\t\t\t\t\t\t<\/div>\n\t\t\t\t\t<\/div>\n\t\t\t\t<\/div>\n\t\t<div class=\"elementor-element elementor-element-99d500b e-flex e-con-boxed e-con e-parent\" data-id=\"99d500b\" data-element_type=\"container\" data-e-type=\"container\">\n\t\t\t\t\t<div class=\"e-con-inner\">\n\t\t\t\t<div class=\"elementor-element elementor-element-902e3ec elementor-widget elementor-widget-heading\" data-id=\"902e3ec\" data-element_type=\"widget\" data-e-type=\"widget\" data-widget_type=\"heading.default\">\n\t\t\t\t\t<h2 class=\"elementor-heading-title elementor-size-default\"> Un Cadre Bienveillant et \u00c9panouissant\n\n\n\n\n<\/h2>\t\t\t\t<\/div>\n\t\t\t\t<div class=\"elementor-element elementor-element-96d3d44 elementor-widget elementor-widget-text-editor\" data-id=\"96d3d44\" data-element_type=\"widget\" data-e-type=\"widget\" data-widget_type=\"text-editor.default\">\n\t\t\t\t\t\t\t\t\t<p>Parce que la r\u00e9ussite scolaire ne peut exister sans \u00e9panouissement personnel, nous pla\u00e7ons l&rsquo;\u00e9l\u00e8ve au centre de nos pr\u00e9occupations.<\/p><ul><li aria-level=\"1\"><b>S\u00e9curit\u00e9 et Bien-\u00eatre :<\/b> Un climat scolaire serein avec une lutte active contre le harc\u00e8lement (programme pHARe) et des infrastructures s\u00e9curis\u00e9es.<\/li><li aria-level=\"1\"><b>Inclusion et Valeurs :<\/b> Un accompagnement personnalis\u00e9 pour tous, port\u00e9 par des valeurs de respect et de solidarit\u00e9, et le principe de la\u00efcit\u00e9.<\/li><li aria-level=\"1\"><b>Modernit\u00e9 :<\/b> Une \u00e9ducation tourn\u00e9e vers demain, int\u00e9grant le sport, le num\u00e9rique et notamment, l&rsquo;intelligence artificielle.<\/li><\/ul>\t\t\t\t\t\t\t\t<\/div>\n\t\t\t\t\t<\/div>\n\t\t\t\t<\/div>\n\t\t<div class=\"elementor-element elementor-element-20d6981 e-flex e-con-boxed e-con e-parent\" data-id=\"20d6981\" data-element_type=\"container\" data-e-type=\"container\">\n\t\t\t\t\t<div class=\"e-con-inner\">\n\t\t<div class=\"elementor-element elementor-element-7e19c39 e-con-full e-flex e-con e-child\" data-id=\"7e19c39\" data-element_type=\"container\" data-e-type=\"container\">\n\t\t\t\t<div class=\"elementor-element elementor-element-4b40855 elementor-widget elementor-widget-heading\" data-id=\"4b40855\" data-element_type=\"widget\" data-e-type=\"widget\" data-widget_type=\"heading.default\">\n\t\t\t\t\t<h2 class=\"elementor-heading-title elementor-size-default\">Rejoignez la \u00ab Famille du LAK \u00bb\n\n\n\n\n<\/h2>\t\t\t\t<\/div>\n\t\t\t\t<div class=\"elementor-element elementor-element-24df285 elementor-widget elementor-widget-text-editor\" data-id=\"24df285\" data-element_type=\"widget\" data-e-type=\"widget\" data-widget_type=\"text-editor.default\">\n\t\t\t\t\t\t\t\t\t<p>Choisir le Lyc\u00e9e Abdel Kader, c&rsquo;est int\u00e9grer une communaut\u00e9 forte et solidaire. C&rsquo;est offrir \u00e0 votre enfant un environnement o\u00f9 l&rsquo;exigence acad\u00e9mique rime avec confiance et humanisme.<\/p><p>Ensemble, formons les citoyens de demain.<\/p><p><b>Salim BELDJERBA<\/b> <i>Proviseur<\/i><\/p>\t\t\t\t\t\t\t\t<\/div>\n\t\t\t\t<div class=\"elementor-element elementor-element-04bb37a elementor-widget elementor-widget-button\" data-id=\"04bb37a\" data-element_type=\"widget\" data-e-type=\"widget\" data-widget_type=\"button.default\">\n\t\t\t\t\t\t\t\t\t\t<a class=\"elementor-button elementor-button-link elementor-size-sm\" href=\"https:\/\/lak.edu.lb\/wp-content\/uploads\/2026\/02\/Projet-etablissement-LAK-25-30.pdf\" target=\"_blank\">\n\t\t\t\t\t\t<span class=\"elementor-button-content-wrapper\">\n\t\t\t\t\t\t<span class=\"elementor-button-icon\">\n\t\t\t\t<svg aria-hidden=\"true\" class=\"e-font-icon-svg e-fas-arrow-alt-circle-right\" viewbox=\"0 0 512 512\" xmlns=\"http:\/\/www.w3.org\/2000\/svg\"><path d=\"M256 8c137 0 248 111 248 248S393 504 256 504 8 393 8 256 119 8 256 8zM140 300h116v70.9c0 10.7 13 16.1 20.5 8.5l114.3-114.9c4.7-4.7 4.7-12.2 0-16.9l-114.3-115c-7.6-7.6-20.5-2.2-20.5 8.5V212H140c-6.6 0-12 5.4-12 12v64c0 6.6 5.4 12 12 12z\"><\/path><\/svg>\t\t\t<\/span>\n\t\t\t\t\t\t\t\t\t<span class=\"elementor-button-text\">D\u00e9couvrir le projet d'\u00e9tablissement<\/span>\n\t\t\t\t\t<\/span>\n\t\t\t\t\t<\/a>\n\t\t\t\t\t\t\t\t<\/div>\n\t\t\t\t<\/div>\n\t\t\t\t\t<\/div>\n\t\t\t\t<\/div>\n\t\t\t\t<\/div>","protected":false},"excerpt":{"rendered":"<p>Bienvenue au Lyc\u00e9e Abdel Kader (LAK) Depuis plus d&rsquo;un si\u00e8cle, notre \u00e9tablissement incarne l&rsquo;excellence \u00e9ducative au c\u0153ur de Beyrouth. Fruit d&rsquo;un partenariat historique entre la MLF(Mission La\u00eeque Fran\u00e7aise), l&rsquo;AEFE (Agence pour l\u2019Enseignement du Fran\u00e7ais \u00e0 l\u2019Etranger) et la Fondation Rafic Hariri, le LAK est bien plus qu&rsquo;une \u00e9cole : c&rsquo;est un carrefour vivant o\u00f9 se [&hellip;]<\/p>\n","protected":false},"author":1,"featured_media":0,"parent":86,"menu_order":0,"comment_status":"closed","ping_status":"closed","template":"","meta":{"_acf_changed":false,"footnotes":""},"class_list":["post-89","page","type-page","status-publish","hentry"],"acf":[],"_links":{"self":[{"href":"https:\/\/lak.edu.lb\/en\/wp-json\/wp\/v2\/pages\/89","targetHints":{"allow":["GET"]}}],"collection":[{"href":"https:\/\/lak.edu.lb\/en\/wp-json\/wp\/v2\/pages"}],"about":[{"href":"https:\/\/lak.edu.lb\/en\/wp-json\/wp\/v2\/types\/page"}],"author":[{"embeddable":true,"href":"https:\/\/lak.edu.lb\/en\/wp-json\/wp\/v2\/users\/1"}],"replies":[{"embeddable":true,"href":"https:\/\/lak.edu.lb\/en\/wp-json\/wp\/v2\/comments?post=89"}],"version-history":[{"count":14,"href":"https:\/\/lak.edu.lb\/en\/wp-json\/wp\/v2\/pages\/89\/revisions"}],"predecessor-version":[{"id":574,"href":"https:\/\/lak.edu.lb\/en\/wp-json\/wp\/v2\/pages\/89\/revisions\/574"}],"up":[{"embeddable":true,"href":"https:\/\/lak.edu.lb\/en\/wp-json\/wp\/v2\/pages\/86"}],"wp:attachment":[{"href":"https:\/\/lak.edu.lb\/en\/wp-json\/wp\/v2\/media?parent=89"}],"curies":[{"name":"wp","href":"https:\/\/api.w.org\/{rel}","templated":true}]}}

<div data-elementor-type="wp-page" data-elementor-id="89" class="elementor elementor-89" data-elementor-post-type="page">
				<div class="elementor-element elementor-element-6feb937 e-flex e-con-boxed e-con e-parent" data-id="6feb937" data-element_type="container" data-e-type="container">
					<div class="e-con-inner">
		<div class="elementor-element elementor-element-e37f976 e-con-full e-flex e-con e-child" data-id="e37f976" data-element_type="container" data-e-type="container">
				<div class="elementor-element elementor-element-fc71d59 elementor-widget__width-initial elementor-widget elementor-widget-image" data-id="fc71d59" data-element_type="widget" data-e-type="widget" data-widget_type="image.default">
															<img fetchpriority="high" decoding="async" width="376" height="238" src="https://lak.edu.lb/wp-content/uploads/2025/12/unnamed-2-e1771853987508.png" class="attachment-large size-large wp-image-10" alt="" srcset="https://lak.edu.lb/wp-content/uploads/2025/12/unnamed-2-e1771853987508.png 376w, https://lak.edu.lb/wp-content/uploads/2025/12/unnamed-2-e1771853987508-300x190.png 300w, https://lak.edu.lb/wp-content/uploads/2025/12/unnamed-2-e1771853987508-18x12.png 18w" sizes="(max-width: 376px) 100vw, 376px" />															</div>
				<div class="elementor-element elementor-element-b24d349 elementor-widget elementor-widget-heading" data-id="b24d349" data-element_type="widget" data-e-type="widget" data-widget_type="heading.default">
					<h2 class="elementor-heading-title elementor-size-default">Bienvenue au Lycée Abdel Kader (LAK)

</h2>				</div>
				</div>
				<div class="elementor-element elementor-element-216693a elementor-widget elementor-widget-text-editor" data-id="216693a" data-element_type="widget" data-e-type="widget" data-widget_type="text-editor.default">
									<p>Depuis plus d&rsquo;un siècle, notre établissement incarne l&rsquo;excellence éducative au cœur de Beyrouth. Fruit d&rsquo;un partenariat historique entre<b> la MLF</b>(Mission Laîque Française), l&rsquo;<b>AEFE</b> (Agence pour l’Enseignement du Français à l’Etranger) et la <b>Fondation Rafic Hariri</b>, le LAK est bien plus qu&rsquo;une école : c&rsquo;est un carrefour vivant où se rencontrent le meilleur du système éducatif français et des attentes de la société libanaise.</p>								</div>
					</div>
				</div>
		<div class="elementor-element elementor-element-4b0e2d8 e-flex e-con-boxed e-con e-parent" data-id="4b0e2d8" data-element_type="container" data-e-type="container">
					<div class="e-con-inner">
				<div class="elementor-element elementor-element-9a69953 elementor-widget elementor-widget-heading" data-id="9a69953" data-element_type="widget" data-e-type="widget" data-widget_type="heading.default">
					<h2 class="elementor-heading-title elementor-size-default">Une Ouverture sur le Monde



</h2>				</div>
				<div class="elementor-element elementor-element-97f35d3 elementor-widget elementor-widget-text-editor" data-id="97f35d3" data-element_type="widget" data-e-type="widget" data-widget_type="text-editor.default">
									<p>Nous formons des citoyens éclairés et trilingues, prêts à réussir leurs études supérieures au Liban, en France et à l&rsquo;international. Notre parcours d&rsquo;excellence repose sur :</p><ul><li aria-level="1"><b>Le Français :</b> Langue de scolarisation, de culture et de réflexion.</li><li aria-level="1"><b>L&rsquo;Arabe :</b> Langue d&rsquo;identité et d&rsquo;exigence académique.</li><li><b>L&rsquo;Anglais :</b> Un niveau renforcé certifié (Cambridge) pour une mobilité internationale.</li></ul>								</div>
					</div>
				</div>
		<div class="elementor-element elementor-element-99d500b e-flex e-con-boxed e-con e-parent" data-id="99d500b" data-element_type="container" data-e-type="container">
					<div class="e-con-inner">
				<div class="elementor-element elementor-element-902e3ec elementor-widget elementor-widget-heading" data-id="902e3ec" data-element_type="widget" data-e-type="widget" data-widget_type="heading.default">
					<h2 class="elementor-heading-title elementor-size-default"> Un Cadre Bienveillant et Épanouissant




</h2>				</div>
				<div class="elementor-element elementor-element-96d3d44 elementor-widget elementor-widget-text-editor" data-id="96d3d44" data-element_type="widget" data-e-type="widget" data-widget_type="text-editor.default">
									<p>Parce que la réussite scolaire ne peut exister sans épanouissement personnel, nous plaçons l&rsquo;élève au centre de nos préoccupations.</p><ul><li aria-level="1"><b>Sécurité et Bien-être :</b> Un climat scolaire serein avec une lutte active contre le harcèlement (programme pHARe) et des infrastructures sécurisées.</li><li aria-level="1"><b>Inclusion et Valeurs :</b> Un accompagnement personnalisé pour tous, porté par des valeurs de respect et de solidarité, et le principe de laïcité.</li><li aria-level="1"><b>Modernité :</b> Une éducation tournée vers demain, intégrant le sport, le numérique et notamment, l&rsquo;intelligence artificielle.</li></ul>								</div>
					</div>
				</div>
		<div class="elementor-element elementor-element-20d6981 e-flex e-con-boxed e-con e-parent" data-id="20d6981" data-element_type="container" data-e-type="container">
					<div class="e-con-inner">
		<div class="elementor-element elementor-element-7e19c39 e-con-full e-flex e-con e-child" data-id="7e19c39" data-element_type="container" data-e-type="container">
				<div class="elementor-element elementor-element-4b40855 elementor-widget elementor-widget-heading" data-id="4b40855" data-element_type="widget" data-e-type="widget" data-widget_type="heading.default">
					<h2 class="elementor-heading-title elementor-size-default">Rejoignez la « Famille du LAK »




</h2>				</div>
				<div class="elementor-element elementor-element-24df285 elementor-widget elementor-widget-text-editor" data-id="24df285" data-element_type="widget" data-e-type="widget" data-widget_type="text-editor.default">
									<p>Choisir le Lycée Abdel Kader, c&rsquo;est intégrer une communauté forte et solidaire. C&rsquo;est offrir à votre enfant un environnement où l&rsquo;exigence académique rime avec confiance et humanisme.</p><p>Ensemble, formons les citoyens de demain.</p><p><b>Salim BELDJERBA</b> <i>Proviseur</i></p>								</div>
				<div class="elementor-element elementor-element-04bb37a elementor-widget elementor-widget-button" data-id="04bb37a" data-element_type="widget" data-e-type="widget" data-widget_type="button.default">
										<a class="elementor-button elementor-button-link elementor-size-sm" href="https://lak.edu.lb/wp-content/uploads/2026/02/Projet-etablissement-LAK-25-30.pdf" target="_blank">
						<span class="elementor-button-content-wrapper">
						<span class="elementor-button-icon">
				<svg aria-hidden="true" class="e-font-icon-svg e-fas-arrow-alt-circle-right" viewbox="0 0 512 512" xmlns="http://www.w3.org/2000/svg"><path d="M256 8c137 0 248 111 248 248S393 504 256 504 8 393 8 256 119 8 256 8zM140 300h116v70.9c0 10.7 13 16.1 20.5 8.5l114.3-114.9c4.7-4.7 4.7-12.2 0-16.9l-114.3-115c-7.6-7.6-20.5-2.2-20.5 8.5V212H140c-6.6 0-12 5.4-12 12v64c0 6.6 5.4 12 12 12z"></path></svg>			</span>
									<span class="elementor-button-text">Découvrir le projet d'établissement</span>
					</span>
					</a>
								</div>
				</div>
					</div>
				</div>
				</div>

<p>Bienvenue au Lycée Abdel Kader (LAK) Depuis plus d&rsquo;un siècle, notre établissement incarne l&rsquo;excellence éducative au cœur de Beyrouth. Fruit d&rsquo;un partenariat historique entre la MLF(Mission Laîque Française), l&rsquo;AEFE (Agence pour l’Enseignement du Français à l’Etranger) et la Fondation Rafic Hariri, le LAK est bien plus qu&rsquo;une école : c&rsquo;est un carrefour vivant où se [&hellip;]</p>
