{"id":93,"date":"2026-01-26T17:07:18","date_gmt":"2026-01-26T17:07:18","guid":{"rendered":"https:\/\/lak.im-nomade.com\/?page_id=93"},"modified":"2026-03-09T06:35:25","modified_gmt":"2026-03-09T06:35:25","slug":"le-reseau","status":"publish","type":"page","link":"https:\/\/lak.edu.lb\/en\/letablissement\/le-reseau\/","title":{"rendered":"The network"},"content":{"rendered":"<div data-elementor-type=\"wp-page\" data-elementor-id=\"93\" class=\"elementor elementor-93\" data-elementor-post-type=\"page\">\n\t\t\t\t<div class=\"elementor-element elementor-element-4a28266 e-flex e-con-boxed e-con e-parent\" data-id=\"4a28266\" data-element_type=\"container\" data-e-type=\"container\">\n\t\t\t\t\t<div class=\"e-con-inner\">\n\t\t<div class=\"elementor-element elementor-element-99d4653 e-con-full e-flex e-con e-child\" data-id=\"99d4653\" data-element_type=\"container\" data-e-type=\"container\">\n\t\t\t\t<div class=\"elementor-element elementor-element-7fa301d elementor-widget__width-initial elementor-widget elementor-widget-image\" data-id=\"7fa301d\" data-element_type=\"widget\" data-e-type=\"widget\" data-widget_type=\"image.default\">\n\t\t\t\t\t\t\t\t\t\t\t\t\t\t\t<img fetchpriority=\"high\" decoding=\"async\" width=\"800\" height=\"291\" src=\"https:\/\/lak.edu.lb\/wp-content\/uploads\/2025\/12\/logoaefe-4-w960h417.png\" class=\"attachment-large size-large wp-image-678\" alt=\"\" srcset=\"https:\/\/lak.edu.lb\/wp-content\/uploads\/2025\/12\/logoaefe-4-w960h417.png 960w, https:\/\/lak.edu.lb\/wp-content\/uploads\/2025\/12\/logoaefe-4-w960h417-300x109.png 300w, https:\/\/lak.edu.lb\/wp-content\/uploads\/2025\/12\/logoaefe-4-w960h417-768x279.png 768w, https:\/\/lak.edu.lb\/wp-content\/uploads\/2025\/12\/logoaefe-4-w960h417-18x7.png 18w\" sizes=\"(max-width: 800px) 100vw, 800px\" \/>\t\t\t\t\t\t\t\t\t\t\t\t\t\t\t<\/div>\n\t\t\t\t<div class=\"elementor-element elementor-element-462ad88 elementor-widget elementor-widget-heading\" data-id=\"462ad88\" data-element_type=\"widget\" data-e-type=\"widget\" data-widget_type=\"heading.default\">\n\t\t\t\t\t<h2 class=\"elementor-heading-title elementor-size-default\">Le r\u00e9seau AEFE\n\n\n<\/h2>\t\t\t\t<\/div>\n\t\t\t\t<\/div>\n\t\t\t\t<div class=\"elementor-element elementor-element-b5f29a2 elementor-widget elementor-widget-text-editor\" data-id=\"b5f29a2\" data-element_type=\"widget\" data-e-type=\"widget\" data-widget_type=\"text-editor.default\">\n\t\t\t\t\t\t\t\t\t<p>La qualit\u00e9 de notre enseignement est reconnue internationalement.<\/p><ul><li aria-level=\"1\"><b>Homologu\u00e9 et Conventionn\u00e9 :<\/b> Notre \u00e9tablissement est homologu\u00e9 par le Minist\u00e8re de l&rsquo;\u00c9ducation Nationale fran\u00e7ais et conventionn\u00e9 avec l&rsquo;AEFE (Agence pour l&rsquo;Enseignement Fran\u00e7ais \u00e0 l&rsquo;\u00c9tranger).<\/li><li aria-level=\"1\"><b>Un r\u00e9seau mondial :<\/b> En nous rejoignant, votre enfant int\u00e8gre un r\u00e9seau unique de 566 \u00e9tablissements r\u00e9partis dans 138 pays. Cela garantit une continuit\u00e9 scolaire parfaite en cas de mobilit\u00e9 internationale.<\/li><li aria-level=\"1\"><b>Une gestion solide :<\/b> La <b>Fondation Rafic Hariri<\/b>, organisme gestionnaire, assure le fonctionnement et le d\u00e9veloppement du Lyc\u00e9e, offrant un cadre d&rsquo;apprentissage p\u00e9renne et moderne.<\/li><\/ul>\t\t\t\t\t\t\t\t<\/div>\n\t\t\t\t\t<\/div>\n\t\t\t\t<\/div>\n\t\t<div class=\"elementor-element elementor-element-6e2bb36 e-flex e-con-boxed e-con e-parent\" data-id=\"6e2bb36\" data-element_type=\"container\" data-e-type=\"container\">\n\t\t\t\t\t<div class=\"e-con-inner\">\n\t\t<div class=\"elementor-element elementor-element-6409901 e-con-full e-flex e-con e-child\" data-id=\"6409901\" data-element_type=\"container\" data-e-type=\"container\">\n\t\t\t\t<div class=\"elementor-element elementor-element-ac3d87e elementor-widget__width-initial elementor-widget elementor-widget-image\" data-id=\"ac3d87e\" data-element_type=\"widget\" data-e-type=\"widget\" data-widget_type=\"image.default\">\n\t\t\t\t\t\t\t\t\t\t\t\t\t\t\t<img decoding=\"async\" width=\"800\" height=\"288\" src=\"https:\/\/lak.edu.lb\/wp-content\/uploads\/2026\/02\/reseau-mlfmonde-part-mlf-blue-1024x369.png\" class=\"attachment-large size-large wp-image-336\" alt=\"\" srcset=\"https:\/\/lak.edu.lb\/wp-content\/uploads\/2026\/02\/reseau-mlfmonde-part-mlf-blue-1024x369.png 1024w, https:\/\/lak.edu.lb\/wp-content\/uploads\/2026\/02\/reseau-mlfmonde-part-mlf-blue-300x108.png 300w, https:\/\/lak.edu.lb\/wp-content\/uploads\/2026\/02\/reseau-mlfmonde-part-mlf-blue-768x277.png 768w, https:\/\/lak.edu.lb\/wp-content\/uploads\/2026\/02\/reseau-mlfmonde-part-mlf-blue-1536x554.png 1536w, https:\/\/lak.edu.lb\/wp-content\/uploads\/2026\/02\/reseau-mlfmonde-part-mlf-blue-18x6.png 18w, https:\/\/lak.edu.lb\/wp-content\/uploads\/2026\/02\/reseau-mlfmonde-part-mlf-blue.png 1586w\" sizes=\"(max-width: 800px) 100vw, 800px\" \/>\t\t\t\t\t\t\t\t\t\t\t\t\t\t\t<\/div>\n\t\t\t\t<div class=\"elementor-element elementor-element-56befbf elementor-widget elementor-widget-heading\" data-id=\"56befbf\" data-element_type=\"widget\" data-e-type=\"widget\" data-widget_type=\"heading.default\">\n\t\t\t\t\t<h2 class=\"elementor-heading-title elementor-size-default\">Un h\u00e9ritage historique : Le partenaire MLF\n\n\n\n<\/h2>\t\t\t\t<\/div>\n\t\t\t\t<\/div>\n\t\t\t\t<div class=\"elementor-element elementor-element-054848b elementor-widget elementor-widget-text-editor\" data-id=\"054848b\" data-element_type=\"widget\" data-e-type=\"widget\" data-widget_type=\"text-editor.default\">\n\t\t\t\t\t\t\t\t\t<p>Nos racines sont profondes. Partenaire historique de la <b>Mission La\u00efque Fran\u00e7aise<\/b> (MLF), institution qui a fond\u00e9 le Lyc\u00e9e Abdel Kader en 1910, nous portons haut les valeurs de la la\u00efcit\u00e9, du dialogue interculturel et de l&rsquo;humanisme depuis plus d&rsquo;un si\u00e8cle.<\/p>\t\t\t\t\t\t\t\t<\/div>\n\t\t\t\t\t<\/div>\n\t\t\t\t<\/div>\n\t\t<div class=\"elementor-element elementor-element-f66047e e-flex e-con-boxed e-con e-parent\" data-id=\"f66047e\" data-element_type=\"container\" data-e-type=\"container\">\n\t\t\t\t\t<div class=\"e-con-inner\">\n\t\t\t\t<div class=\"elementor-element elementor-element-357edb1 elementor-widget elementor-widget-heading\" data-id=\"357edb1\" data-element_type=\"widget\" data-e-type=\"widget\" data-widget_type=\"heading.default\">\n\t\t\t\t\t<h2 class=\"elementor-heading-title elementor-size-default\">Un double cursus pour un avenir sans fronti\u00e8res\n\n\n\n\n<\/h2>\t\t\t\t<\/div>\n\t\t\t\t<div class=\"elementor-element elementor-element-34e37ac elementor-widget elementor-widget-text-editor\" data-id=\"34e37ac\" data-element_type=\"widget\" data-e-type=\"widget\" data-widget_type=\"text-editor.default\">\n\t\t\t\t\t\t\t\t\t<p>Notre force r\u00e9side dans notre capacit\u00e9 \u00e0 pr\u00e9parer nos \u00e9l\u00e8ves au meilleur des deux mondes. Nous ne nous contentons pas de suivre un programme ; nous construisons des parcours d&rsquo;avenir.<\/p><ul><li aria-level=\"1\"><b>Double Diplomation :<\/b> Nos \u00e9l\u00e8ves pr\u00e9parent simultan\u00e9ment les dipl\u00f4mes fran\u00e7ais (DNB et Baccalaur\u00e9at fran\u00e7ais) et les examens officiels libanais (Brevet libanais).<\/li><li aria-level=\"1\"><b>Excellence Acad\u00e9mique :<\/b> Cet alignement rigoureux sur les deux programmes d\u00e9veloppe une agilit\u00e9 intellectuelle unique et un trilinguisme (fran\u00e7ais, arabe et anglais) de haut niveau.<\/li><li aria-level=\"1\"><b>Perspectives Internationales :<\/b> Gr\u00e2ce \u00e0 ce bagage solide, nos dipl\u00f4m\u00e9s acc\u00e8dent aux universit\u00e9s les plus prestigieuses, que ce soit au Liban, en France, ou dans les grandes \u00e9coles internationales (Europe, Am\u00e9rique du Nord). Le Lyc\u00e9e Abdel Kader est un v\u00e9ritable tremplin vers l&rsquo;enseignement sup\u00e9rieur mondial.<\/li><\/ul>\t\t\t\t\t\t\t\t<\/div>\n\t\t\t\t<div class=\"elementor-element elementor-element-7fb497e elementor-widget elementor-widget-button\" data-id=\"7fb497e\" data-element_type=\"widget\" data-e-type=\"widget\" data-widget_type=\"button.default\">\n\t\t\t\t\t\t\t\t\t\t<a class=\"elementor-button elementor-button-link elementor-size-sm\" href=\"https:\/\/lak.edu.lb\/en\/learning-path\/\">\n\t\t\t\t\t\t<span class=\"elementor-button-content-wrapper\">\n\t\t\t\t\t\t<span class=\"elementor-button-icon\">\n\t\t\t\t<svg aria-hidden=\"true\" class=\"e-font-icon-svg e-fas-arrow-alt-circle-right\" viewbox=\"0 0 512 512\" xmlns=\"http:\/\/www.w3.org\/2000\/svg\"><path d=\"M256 8c137 0 248 111 248 248S393 504 256 504 8 393 8 256 119 8 256 8zM140 300h116v70.9c0 10.7 13 16.1 20.5 8.5l114.3-114.9c4.7-4.7 4.7-12.2 0-16.9l-114.3-115c-7.6-7.6-20.5-2.2-20.5 8.5V212H140c-6.6 0-12 5.4-12 12v64c0 6.6 5.4 12 12 12z\"><\/path><\/svg>\t\t\t<\/span>\n\t\t\t\t\t\t\t\t\t<span class=\"elementor-button-text\">D\u00e9couvrir le parcours p\u00e9dagogique<\/span>\n\t\t\t\t\t<\/span>\n\t\t\t\t\t<\/a>\n\t\t\t\t\t\t\t\t<\/div>\n\t\t\t\t\t<\/div>\n\t\t\t\t<\/div>\n\t\t\t\t<\/div>","protected":false},"excerpt":{"rendered":"<p>Le r\u00e9seau AEFE La qualit\u00e9 de notre enseignement est reconnue internationalement. Homologu\u00e9 et Conventionn\u00e9 : Notre \u00e9tablissement est homologu\u00e9 par le Minist\u00e8re de l&rsquo;\u00c9ducation Nationale fran\u00e7ais et conventionn\u00e9 avec l&rsquo;AEFE (Agence pour l&rsquo;Enseignement Fran\u00e7ais \u00e0 l&rsquo;\u00c9tranger). Un r\u00e9seau mondial : En nous rejoignant, votre enfant int\u00e8gre un r\u00e9seau unique de 566 \u00e9tablissements r\u00e9partis dans 138 [&hellip;]<\/p>\n","protected":false},"author":1,"featured_media":0,"parent":86,"menu_order":0,"comment_status":"closed","ping_status":"closed","template":"","meta":{"_acf_changed":false,"footnotes":""},"class_list":["post-93","page","type-page","status-publish","hentry"],"acf":[],"_links":{"self":[{"href":"https:\/\/lak.edu.lb\/en\/wp-json\/wp\/v2\/pages\/93","targetHints":{"allow":["GET"]}}],"collection":[{"href":"https:\/\/lak.edu.lb\/en\/wp-json\/wp\/v2\/pages"}],"about":[{"href":"https:\/\/lak.edu.lb\/en\/wp-json\/wp\/v2\/types\/page"}],"author":[{"embeddable":true,"href":"https:\/\/lak.edu.lb\/en\/wp-json\/wp\/v2\/users\/1"}],"replies":[{"embeddable":true,"href":"https:\/\/lak.edu.lb\/en\/wp-json\/wp\/v2\/comments?post=93"}],"version-history":[{"count":14,"href":"https:\/\/lak.edu.lb\/en\/wp-json\/wp\/v2\/pages\/93\/revisions"}],"predecessor-version":[{"id":910,"href":"https:\/\/lak.edu.lb\/en\/wp-json\/wp\/v2\/pages\/93\/revisions\/910"}],"up":[{"embeddable":true,"href":"https:\/\/lak.edu.lb\/en\/wp-json\/wp\/v2\/pages\/86"}],"wp:attachment":[{"href":"https:\/\/lak.edu.lb\/en\/wp-json\/wp\/v2\/media?parent=93"}],"curies":[{"name":"wp","href":"https:\/\/api.w.org\/{rel}","templated":true}]}}

<div data-elementor-type="wp-page" data-elementor-id="93" class="elementor elementor-93" data-elementor-post-type="page">
				<div class="elementor-element elementor-element-4a28266 e-flex e-con-boxed e-con e-parent" data-id="4a28266" data-element_type="container" data-e-type="container">
					<div class="e-con-inner">
		<div class="elementor-element elementor-element-99d4653 e-con-full e-flex e-con e-child" data-id="99d4653" data-element_type="container" data-e-type="container">
				<div class="elementor-element elementor-element-7fa301d elementor-widget__width-initial elementor-widget elementor-widget-image" data-id="7fa301d" data-element_type="widget" data-e-type="widget" data-widget_type="image.default">
															<img fetchpriority="high" decoding="async" width="800" height="291" src="https://lak.edu.lb/wp-content/uploads/2025/12/logoaefe-4-w960h417.png" class="attachment-large size-large wp-image-678" alt="" srcset="https://lak.edu.lb/wp-content/uploads/2025/12/logoaefe-4-w960h417.png 960w, https://lak.edu.lb/wp-content/uploads/2025/12/logoaefe-4-w960h417-300x109.png 300w, https://lak.edu.lb/wp-content/uploads/2025/12/logoaefe-4-w960h417-768x279.png 768w, https://lak.edu.lb/wp-content/uploads/2025/12/logoaefe-4-w960h417-18x7.png 18w" sizes="(max-width: 800px) 100vw, 800px" />															</div>
				<div class="elementor-element elementor-element-462ad88 elementor-widget elementor-widget-heading" data-id="462ad88" data-element_type="widget" data-e-type="widget" data-widget_type="heading.default">
					<h2 class="elementor-heading-title elementor-size-default">Le réseau AEFE


</h2>				</div>
				</div>
				<div class="elementor-element elementor-element-b5f29a2 elementor-widget elementor-widget-text-editor" data-id="b5f29a2" data-element_type="widget" data-e-type="widget" data-widget_type="text-editor.default">
									<p>La qualité de notre enseignement est reconnue internationalement.</p><ul><li aria-level="1"><b>Homologué et Conventionné :</b> Notre établissement est homologué par le Ministère de l&rsquo;Éducation Nationale français et conventionné avec l&rsquo;AEFE (Agence pour l&rsquo;Enseignement Français à l&rsquo;Étranger).</li><li aria-level="1"><b>Un réseau mondial :</b> En nous rejoignant, votre enfant intègre un réseau unique de 566 établissements répartis dans 138 pays. Cela garantit une continuité scolaire parfaite en cas de mobilité internationale.</li><li aria-level="1"><b>Une gestion solide :</b> La <b>Fondation Rafic Hariri</b>, organisme gestionnaire, assure le fonctionnement et le développement du Lycée, offrant un cadre d&rsquo;apprentissage pérenne et moderne.</li></ul>								</div>
					</div>
				</div>
		<div class="elementor-element elementor-element-6e2bb36 e-flex e-con-boxed e-con e-parent" data-id="6e2bb36" data-element_type="container" data-e-type="container">
					<div class="e-con-inner">
		<div class="elementor-element elementor-element-6409901 e-con-full e-flex e-con e-child" data-id="6409901" data-element_type="container" data-e-type="container">
				<div class="elementor-element elementor-element-ac3d87e elementor-widget__width-initial elementor-widget elementor-widget-image" data-id="ac3d87e" data-element_type="widget" data-e-type="widget" data-widget_type="image.default">
															<img decoding="async" width="800" height="288" src="https://lak.edu.lb/wp-content/uploads/2026/02/reseau-mlfmonde-part-mlf-blue-1024x369.png" class="attachment-large size-large wp-image-336" alt="" srcset="https://lak.edu.lb/wp-content/uploads/2026/02/reseau-mlfmonde-part-mlf-blue-1024x369.png 1024w, https://lak.edu.lb/wp-content/uploads/2026/02/reseau-mlfmonde-part-mlf-blue-300x108.png 300w, https://lak.edu.lb/wp-content/uploads/2026/02/reseau-mlfmonde-part-mlf-blue-768x277.png 768w, https://lak.edu.lb/wp-content/uploads/2026/02/reseau-mlfmonde-part-mlf-blue-1536x554.png 1536w, https://lak.edu.lb/wp-content/uploads/2026/02/reseau-mlfmonde-part-mlf-blue-18x6.png 18w, https://lak.edu.lb/wp-content/uploads/2026/02/reseau-mlfmonde-part-mlf-blue.png 1586w" sizes="(max-width: 800px) 100vw, 800px" />															</div>
				<div class="elementor-element elementor-element-56befbf elementor-widget elementor-widget-heading" data-id="56befbf" data-element_type="widget" data-e-type="widget" data-widget_type="heading.default">
					<h2 class="elementor-heading-title elementor-size-default">Un héritage historique : Le partenaire MLF



</h2>				</div>
				</div>
				<div class="elementor-element elementor-element-054848b elementor-widget elementor-widget-text-editor" data-id="054848b" data-element_type="widget" data-e-type="widget" data-widget_type="text-editor.default">
									<p>Nos racines sont profondes. Partenaire historique de la <b>Mission Laïque Française</b> (MLF), institution qui a fondé le Lycée Abdel Kader en 1910, nous portons haut les valeurs de la laïcité, du dialogue interculturel et de l&rsquo;humanisme depuis plus d&rsquo;un siècle.</p>								</div>
					</div>
				</div>
		<div class="elementor-element elementor-element-f66047e e-flex e-con-boxed e-con e-parent" data-id="f66047e" data-element_type="container" data-e-type="container">
					<div class="e-con-inner">
				<div class="elementor-element elementor-element-357edb1 elementor-widget elementor-widget-heading" data-id="357edb1" data-element_type="widget" data-e-type="widget" data-widget_type="heading.default">
					<h2 class="elementor-heading-title elementor-size-default">Un double cursus pour un avenir sans frontières




</h2>				</div>
				<div class="elementor-element elementor-element-34e37ac elementor-widget elementor-widget-text-editor" data-id="34e37ac" data-element_type="widget" data-e-type="widget" data-widget_type="text-editor.default">
									<p>Notre force réside dans notre capacité à préparer nos élèves au meilleur des deux mondes. Nous ne nous contentons pas de suivre un programme ; nous construisons des parcours d&rsquo;avenir.</p><ul><li aria-level="1"><b>Double Diplomation :</b> Nos élèves préparent simultanément les diplômes français (DNB et Baccalauréat français) et les examens officiels libanais (Brevet libanais).</li><li aria-level="1"><b>Excellence Académique :</b> Cet alignement rigoureux sur les deux programmes développe une agilité intellectuelle unique et un trilinguisme (français, arabe et anglais) de haut niveau.</li><li aria-level="1"><b>Perspectives Internationales :</b> Grâce à ce bagage solide, nos diplômés accèdent aux universités les plus prestigieuses, que ce soit au Liban, en France, ou dans les grandes écoles internationales (Europe, Amérique du Nord). Le Lycée Abdel Kader est un véritable tremplin vers l&rsquo;enseignement supérieur mondial.</li></ul>								</div>
				<div class="elementor-element elementor-element-7fb497e elementor-widget elementor-widget-button" data-id="7fb497e" data-element_type="widget" data-e-type="widget" data-widget_type="button.default">
										<a class="elementor-button elementor-button-link elementor-size-sm" href="https://lak.edu.lb/en/learning-path/">
						<span class="elementor-button-content-wrapper">
						<span class="elementor-button-icon">
				<svg aria-hidden="true" class="e-font-icon-svg e-fas-arrow-alt-circle-right" viewbox="0 0 512 512" xmlns="http://www.w3.org/2000/svg"><path d="M256 8c137 0 248 111 248 248S393 504 256 504 8 393 8 256 119 8 256 8zM140 300h116v70.9c0 10.7 13 16.1 20.5 8.5l114.3-114.9c4.7-4.7 4.7-12.2 0-16.9l-114.3-115c-7.6-7.6-20.5-2.2-20.5 8.5V212H140c-6.6 0-12 5.4-12 12v64c0 6.6 5.4 12 12 12z"></path></svg>			</span>
									<span class="elementor-button-text">Découvrir le parcours pédagogique</span>
					</span>
					</a>
								</div>
					</div>
				</div>
				</div>

<p>Le réseau AEFE La qualité de notre enseignement est reconnue internationalement. Homologué et Conventionné : Notre établissement est homologué par le Ministère de l&rsquo;Éducation Nationale français et conventionné avec l&rsquo;AEFE (Agence pour l&rsquo;Enseignement Français à l&rsquo;Étranger). Un réseau mondial : En nous rejoignant, votre enfant intègre un réseau unique de 566 établissements répartis dans 138 [&hellip;]</p>
